854?
2, 47, 23041
List the prime factors of 403127.
599, 673
List the prime factors of 2162244.
2, 3, 7, 25741
What are the prime factors of 4076280?
2, 3, 5, 13, 67
What are the prime factors of 367166?
2, 17, 10799
List the prime factors of 25521121.
1049, 24329
List the prime factors of 1535877.
3, 7, 24379
What are the prime factors of 1462920?
2, 3, 5, 73, 167
List the prime factors of 3518228.
2, 7, 125651
List the prime factors of 6321617.
271, 23327
List the prime factors of 63723.
3, 11, 1931
What are the prime factors of 1107242?
2, 67, 8263
What are the prime factors of 171773?
7, 53, 463
List the prime factors of 203226.
2, 3, 33871
List the prime factors of 25065.
3, 5, 557
List the prime factors of 7648562.
2, 3824281
List the prime factors of 833867.
17, 181, 271
What are the prime factors of 9024054?
2, 3, 13, 115693
List the prime factors of 23980421.
17, 23, 61331
List the prime factors of 642570.
2, 3, 5, 21419
List the prime factors of 48415.
5, 23, 421
List the prime factors of 340045.
5, 47, 1447
What are the prime factors of 265915?
5, 13, 4091
What are the prime factors of 1449179?
37, 53, 739
List the prime factors of 18703723.
17, 1100219
What are the prime factors of 4629344?
2, 144667
List the prime factors of 2551999.
2551999
What are the prime factors of 721320?
2, 3, 5, 6011
What are the prime factors of 1203366?
2, 3, 131, 1531
What are the prime factors of 199220?
2, 5, 7, 1423
What are the prime factors of 3226965?
3, 5, 7, 73, 421
What are the prime factors of 5725363?
7, 41, 19949
What are the prime factors of 1650197?
257, 6421
List the prime factors of 248760.
2, 3, 5, 691
List the prime factors of 110237.
110237
What are the prime factors of 9888289?
9888289
What are the prime factors of 40912008?
2, 3, 503, 3389
List the prime factors of 196957.
89, 2213
List the prime factors of 327003.
3, 109001
What are the prime factors of 799881?
3, 19, 14033
What are the prime factors of 9707180?
2, 5, 7, 69337
What are the prime factors of 6238163?
37, 168599
What are the prime factors of 4284057?
3, 389, 3671
List the prime factors of 188985.
3, 5, 43, 293
List the prime factors of 1653287.
1653287
What are the prime factors of 20263223?
197, 102859
List the prime factors of 263216.
2, 16451
List the prime factors of 4656811.
59, 78929
What are the prime factors of 3225728?
2, 11, 29, 79
What are the prime factors of 231718?
2, 115859
What are the prime factors of 15086536?
2, 59, 31963
List the prime factors of 609487.
609487
List the prime factors of 4312801.
101, 42701
What are the prime factors of 9412175?
5, 23, 16369
List the prime factors of 7971787.
7971787
What are the prime factors of 17894859?
3, 151, 39503
List the prime factors of 35906.
2, 13, 1381
What are the prime factors of 2208417?
3, 853, 863
What are the prime factors of 793961?
7, 101, 1123
What are the prime factors of 3035610?
2, 3, 5, 11243
What are the prime factors of 50117?
23, 2179
List the prime factors of 98675.
5, 3947
List the prime factors of 375039.
3, 7, 5953
What are the prime factors of 636630?
2, 3, 5, 21221
List the prime factors of 122395.
5, 7, 13, 269
List the prime factors of 272246.
2, 13, 37, 283
What are the prime factors of 861191?
861191
List the prime factors of 2349434.
2, 17, 43, 1607
What are the prime factors of 698435?
5, 41, 3407
What are the prime factors of 1680033?
3, 103, 5437
What are the prime factors of 5817702?
2, 3, 11, 181, 487
List the prime factors of 2423187.
3, 13, 139, 149
What are the prime factors of 2782516?
2, 11, 5749
List the prime factors of 3280369.
19, 41, 4211
List the prime factors of 22040535.
3, 5, 11, 31, 139
List the prime factors of 62686.
2, 13, 2411
List the prime factors of 27443114.
2, 101, 103, 1319
What are the prime factors of 1837162?
2, 918581
What are the prime factors of 258264?
2, 3, 17, 211
What are the prime factors of 3667495?
5, 13, 17, 3319
List the prime factors of 3802924.
2, 167, 5693
What are the prime factors of 16738168?
2, 41, 51031
What are the prime factors of 1246363?
1246363
What are the prime factors of 3972088?
2, 496511
List the prime factors of 8989829.
1901, 4729
What are the prime factors of 2069083?
311, 6653
List the prime factors of 26343976.
2, 41, 80317
List the prime factors of 1086448.
2, 11, 6173
What are the prime factors of 20572311?
3, 61, 79, 1423
What are the prime factors of 232500?
2, 3, 5, 31
List the prime factors of 458274.
2, 3, 76379
List the prime factors of 965502.
2, 3, 53639
What are the prime factors of 164056?
2, 20507
What are the prime factors of 5143781?
5143781
What are the prime factors of 2240707?
7, 320101
List the prime factors of 1275133.
1275133
What are the prime factors of 4878623?
71, 68713
What are the prime factors of 10528160?
2, 5, 29, 2269
List the prime factors of 6260291.
19, 329489
What are the prime factors of 2252435?
5, 450487
What are the prime factors of 7465910?
2, 5, 113, 6607
List the prime factors of 1727567.
37, 46691
List the prime factors of 9935559.
3, 313, 3527
List the prime factors of 156853.
101, 1553
What are the prime factors of 1840415?
5, 368083
List the prime factors of 260982.
2, 3, 179
List the prime factors of 2883367.
2883367
What are the prime factors of 11155620?
2, 3, 5, 7, 26561
List the prime factors of 836080.
2, 5, 7, 1493
List the prime factors of 428783.
521, 823
List the prime factors of 212746.
2, 106373
What are the prime factors of 11689439?
11689439
List the prime factors of 205396.
2, 51349
What are the prime factors of 3412949?
3412949
What are the prime factors of 639294?
2, 3, 47, 2267
List the prime factors of 535162.
2, 267581
List the prime factors of 4596563.
251, 18313
List the prime factors of 8204184.
2, 3, 113947
What are the prime factors of 7237022?
2, 13, 278347
What are the prime factors of 3213783?
3, 37, 3217
List the prime factors of 264472.
2, 13, 2543
List the prime factors of 76396.
2, 71, 269
What are the prime factors of 372326?
2, 186163
List the prime factors of 20601078.
2, 3, 29, 197, 601
What are the prime factors of 217425?
3, 5, 13, 223
List the prime factors of 296534.
2, 7, 59, 359
What are the prime factors of 718980?
2, 3, 5, 23, 521
What are the prime factors of 3258176?
2, 50909
What are the prime factors of 367592?
2, 45949
List the prime factors of 3381847.
7, 179, 2699
What are the prime factors of 199790?
2, 5, 19979
List the prime factors of 19074126.
2, 3, 733, 4337
List the prime factors of 1529533.
1529533
List the prime factors of 234311.
7, 11, 17, 179
What are the prime factors of 5046790?
2, 5, 7, 17, 4241
List the prime factors of 22618827.
3, 7, 11, 127, 257
What are the prime factors of 476710?
2, 5, 13, 19, 193
List the prime factors of 71402.
2, 19, 1879
List the prime factors of 21477.
3, 7159
What are the prime factors of 338371?
11, 19, 1619
List the prime factors of 107443.
7, 15349
What are the prime factors of 331237?
139, 2383
List the prime factors of 439949.
439949
What are the prime factors of 3130591?
613, 5107
What are the prime factors of 2487385?
5, 19, 26183
What are the prime factors of 31218?
2, 3, 11, 43
List the prime factors of 10591010.
2, 5, 263, 4027
List the prime factors of 122420.
2, 5, 6121
List the prime factors of 679370.
2, 5, 41, 1657
What are the prime factors of 750519?
3, 7, 11, 19
What are the prime factors of 5232604?
2, 13, 47, 2141
List the prime factors of 215141.
215141
What are the prime factors of 210833?
7, 30119
What are the prime factors of 806527?
31, 26017
List the prime factors of 147142.
2, 73571
List the prime factors of 213013.
277, 769
List the prime factors of 201814.
2, 100907
List the prime factors of 2959365.
3, 5, 83, 2377
What are the prime factors of 338531?
338531
What are the prime factors of 725817?
3, 241939
List the prime factors of 512793.
3, 227, 251
What are the prime factors of 50073?
3, 16691
List the prime factors of 361432.
2, 45179
List the prime factors of 213723.
3, 23747
What are the prime factors of 190157?
11, 59, 293
List the prime factors of 135144.
2, 3, 1877
List the prime factors of 24625158.
2, 3, 4104193
What are the prime factors of 1289421?
3, 7, 97, 211
What are the prime factors of 373065?
3, 5, 7, 11, 17, 19
What 